{"id":104,"date":"2019-03-28T22:14:15","date_gmt":"2019-03-28T21:14:15","guid":{"rendered":"http:\/\/patbec.ch\/?page_id=104"},"modified":"2021-01-17T11:32:56","modified_gmt":"2021-01-17T10:32:56","slug":"104-2","status":"publish","type":"page","link":"https:\/\/patbec.ch\/?page_id=104","title":{"rendered":"Uber mich&#8230;"},"content":{"rendered":"<div  class=\"one withsmallpadding ppb_text\" style=\"padding:30px 0 30px 0;\" >\n<div class=\"standard_wrapper\">\n<div class=\"page_content_wrapper\">\n<div class=\"inner\">\n<div style=\"margin:auto;width:100%\">\n<p style=\"text-align: center;\">Ich heisse Patrice Bechtiger und lebe im sch\u00f6nen Sensebezirk, Kanton Freiburg.<\/p>\n<p style=\"text-align: center;\">Ich besch\u00e4ftige mich schon l\u00e4nger mit der Fotografie wie Landschaft, Portraits und Astrofotografie. Eine Passion wo es immer neues zu entdecken gibt&#8230;<\/p>\n<p style=\"text-align: center;\"><img decoding=\"async\" data-attachment-id=\"5759\" data-permalink=\"https:\/\/patbec.ch\/?attachment_id=5759\" data-orig-file=\"https:\/\/i0.wp.com\/patbec.ch\/wp-content\/uploads\/2020\/02\/67D04C31-F8D2-49D5-8374-EF3D46DE1BA7.jpeg?fit=1280%2C1920&amp;ssl=1\" data-orig-size=\"1280,1920\" data-comments-opened=\"1\" data-image-meta=\"{&quot;aperture&quot;:&quot;0&quot;,&quot;credit&quot;:&quot;&quot;,&quot;camera&quot;:&quot;&quot;,&quot;caption&quot;:&quot;&quot;,&quot;created_timestamp&quot;:&quot;0&quot;,&quot;copyright&quot;:&quot;&quot;,&quot;focal_length&quot;:&quot;0&quot;,&quot;iso&quot;:&quot;0&quot;,&quot;shutter_speed&quot;:&quot;0&quot;,&quot;title&quot;:&quot;&quot;,&quot;orientation&quot;:&quot;0&quot;}\" data-image-title=\"67D04C31-F8D2-49D5-8374-EF3D46DE1BA7\" data-image-description=\"\" data-image-caption=\"\" data-large-file=\"https:\/\/i0.wp.com\/patbec.ch\/wp-content\/uploads\/2020\/02\/67D04C31-F8D2-49D5-8374-EF3D46DE1BA7.jpeg?fit=683%2C1024&amp;ssl=1\" loading=\"lazy\" class=\"aligncenter wp-image-5759 size-medium\" src=\"https:\/\/i0.wp.com\/patbec.ch\/wp-content\/uploads\/2020\/02\/67D04C31-F8D2-49D5-8374-EF3D46DE1BA7-200x300.jpeg?resize=200%2C300&#038;ssl=1\" alt=\"\" width=\"200\" height=\"300\" srcset=\"https:\/\/i0.wp.com\/patbec.ch\/wp-content\/uploads\/2020\/02\/67D04C31-F8D2-49D5-8374-EF3D46DE1BA7.jpeg?resize=200%2C300&amp;ssl=1 200w, https:\/\/i0.wp.com\/patbec.ch\/wp-content\/uploads\/2020\/02\/67D04C31-F8D2-49D5-8374-EF3D46DE1BA7.jpeg?resize=683%2C1024&amp;ssl=1 683w, https:\/\/i0.wp.com\/patbec.ch\/wp-content\/uploads\/2020\/02\/67D04C31-F8D2-49D5-8374-EF3D46DE1BA7.jpeg?resize=768%2C1152&amp;ssl=1 768w, https:\/\/i0.wp.com\/patbec.ch\/wp-content\/uploads\/2020\/02\/67D04C31-F8D2-49D5-8374-EF3D46DE1BA7.jpeg?resize=1024%2C1536&amp;ssl=1 1024w, https:\/\/i0.wp.com\/patbec.ch\/wp-content\/uploads\/2020\/02\/67D04C31-F8D2-49D5-8374-EF3D46DE1BA7.jpeg?resize=705%2C1058&amp;ssl=1 705w, https:\/\/i0.wp.com\/patbec.ch\/wp-content\/uploads\/2020\/02\/67D04C31-F8D2-49D5-8374-EF3D46DE1BA7.jpeg?resize=600%2C900&amp;ssl=1 600w, https:\/\/i0.wp.com\/patbec.ch\/wp-content\/uploads\/2020\/02\/67D04C31-F8D2-49D5-8374-EF3D46DE1BA7.jpeg?w=1280&amp;ssl=1 1280w\" sizes=\"auto, (max-width: 200px) 100vw, 200px\" data-recalc-dims=\"1\" \/><\/p>\n<\/div>\n<\/div>\n<\/div>\n<\/div>\n<\/div>\n","protected":false},"excerpt":{"rendered":"<p>Ich heisse Patrice Bechtiger und lebe im sch\u00f6nen Sensebezirk, Kanton Freiburg. Ich besch\u00e4ftige mich schon l\u00e4nger mit der Fotografie wie Landschaft, Portraits und Astrofotografie. Eine Passion wo es immer neues zu entdecken gibt&#8230;<\/p>\n","protected":false},"author":1,"featured_media":0,"parent":0,"menu_order":0,"comment_status":"closed","ping_status":"closed","template":"","meta":{"footnotes":""},"class_list":["post-104","page","type-page","status-publish","hentry"],"jetpack_sharing_enabled":false,"jetpack_shortlink":"https:\/\/wp.me\/P9DITi-1G","jetpack-related-posts":[],"_links":{"self":[{"href":"https:\/\/patbec.ch\/index.php?rest_route=\/wp\/v2\/pages\/104","targetHints":{"allow":["GET"]}}],"collection":[{"href":"https:\/\/patbec.ch\/index.php?rest_route=\/wp\/v2\/pages"}],"about":[{"href":"https:\/\/patbec.ch\/index.php?rest_route=\/wp\/v2\/types\/page"}],"author":[{"embeddable":true,"href":"https:\/\/patbec.ch\/index.php?rest_route=\/wp\/v2\/users\/1"}],"replies":[{"embeddable":true,"href":"https:\/\/patbec.ch\/index.php?rest_route=%2Fwp%2Fv2%2Fcomments&post=104"}],"version-history":[{"count":80,"href":"https:\/\/patbec.ch\/index.php?rest_route=\/wp\/v2\/pages\/104\/revisions"}],"predecessor-version":[{"id":6961,"href":"https:\/\/patbec.ch\/index.php?rest_route=\/wp\/v2\/pages\/104\/revisions\/6961"}],"wp:attachment":[{"href":"https:\/\/patbec.ch\/index.php?rest_route=%2Fwp%2Fv2%2Fmedia&parent=104"}],"curies":[{"name":"wp","href":"https:\/\/api.w.org\/{rel}","templated":true}]}}

<div  class="one withsmallpadding ppb_text" style="padding:30px 0 30px 0;" >
<div class="standard_wrapper">
<div class="page_content_wrapper">
<div class="inner">
<div style="margin:auto;width:100%">
<p style="text-align: center;">Ich heisse Patrice Bechtiger und lebe im schönen Sensebezirk, Kanton Freiburg.</p>
<p style="text-align: center;">Ich beschäftige mich schon länger mit der Fotografie wie Landschaft, Portraits und Astrofotografie. Eine Passion wo es immer neues zu entdecken gibt&#8230;</p>
<p style="text-align: center;"><img decoding="async" data-attachment-id="5759" data-permalink="https://patbec.ch/?attachment_id=5759" data-orig-file="https://i0.wp.com/patbec.ch/wp-content/uploads/2020/02/67D04C31-F8D2-49D5-8374-EF3D46DE1BA7.jpeg?fit=1280%2C1920&amp;ssl=1" data-orig-size="1280,1920" data-comments-opened="1" data-image-meta="{&quot;aperture&quot;:&quot;0&quot;,&quot;credit&quot;:&quot;&quot;,&quot;camera&quot;:&quot;&quot;,&quot;caption&quot;:&quot;&quot;,&quot;created_timestamp&quot;:&quot;0&quot;,&quot;copyright&quot;:&quot;&quot;,&quot;focal_length&quot;:&quot;0&quot;,&quot;iso&quot;:&quot;0&quot;,&quot;shutter_speed&quot;:&quot;0&quot;,&quot;title&quot;:&quot;&quot;,&quot;orientation&quot;:&quot;0&quot;}" data-image-title="67D04C31-F8D2-49D5-8374-EF3D46DE1BA7" data-image-description="" data-image-caption="" data-large-file="https://i0.wp.com/patbec.ch/wp-content/uploads/2020/02/67D04C31-F8D2-49D5-8374-EF3D46DE1BA7.jpeg?fit=683%2C1024&amp;ssl=1" loading="lazy" class="aligncenter wp-image-5759 size-medium" src="https://i0.wp.com/patbec.ch/wp-content/uploads/2020/02/67D04C31-F8D2-49D5-8374-EF3D46DE1BA7-200x300.jpeg?resize=200%2C300&#038;ssl=1" alt="" width="200" height="300" srcset="https://i0.wp.com/patbec.ch/wp-content/uploads/2020/02/67D04C31-F8D2-49D5-8374-EF3D46DE1BA7.jpeg?resize=200%2C300&amp;ssl=1 200w, https://i0.wp.com/patbec.ch/wp-content/uploads/2020/02/67D04C31-F8D2-49D5-8374-EF3D46DE1BA7.jpeg?resize=683%2C1024&amp;ssl=1 683w, https://i0.wp.com/patbec.ch/wp-content/uploads/2020/02/67D04C31-F8D2-49D5-8374-EF3D46DE1BA7.jpeg?resize=768%2C1152&amp;ssl=1 768w, https://i0.wp.com/patbec.ch/wp-content/uploads/2020/02/67D04C31-F8D2-49D5-8374-EF3D46DE1BA7.jpeg?resize=1024%2C1536&amp;ssl=1 1024w, https://i0.wp.com/patbec.ch/wp-content/uploads/2020/02/67D04C31-F8D2-49D5-8374-EF3D46DE1BA7.jpeg?resize=705%2C1058&amp;ssl=1 705w, https://i0.wp.com/patbec.ch/wp-content/uploads/2020/02/67D04C31-F8D2-49D5-8374-EF3D46DE1BA7.jpeg?resize=600%2C900&amp;ssl=1 600w, https://i0.wp.com/patbec.ch/wp-content/uploads/2020/02/67D04C31-F8D2-49D5-8374-EF3D46DE1BA7.jpeg?w=1280&amp;ssl=1 1280w" sizes="auto, (max-width: 200px) 100vw, 200px" data-recalc-dims="1" /></p>
</div>
</div>
</div>
</div>
</div>

<p>Ich heisse Patrice Bechtiger und lebe im schönen Sensebezirk, Kanton Freiburg. Ich beschäftige mich schon länger mit der Fotografie wie Landschaft, Portraits und Astrofotografie. Eine Passion wo es immer neues zu entdecken gibt&#8230;</p>
